. Let z(y) = 11*a(y) + 4*s(y). Suppose 0*g + 8 = 2*g. Suppose 1 = -q + g. Give z(q).
-1
Let t(g) = g**2 + 6*g + 3. Suppose 3*r = -b - 6, -r - 1 + 4 = 0. Let v be 73/b + 10/(-75). Let z(d) = d + 1. Let i be z(v). Give t(i).
-5
Let u(k) be the third derivative of -k**6/120 + k**5/20 - k**4/6 + k**3/2 - 725*k**2. What is u(4)?
-29
Let k(z) = z**3 + 3*z**2 - 3*z. Let c(a) = -a - 13. Let x be c(-15). Let m(s) = 0*s + 2*s**2 + 0*s**2 - 3*s**x + s. Let w(y) = k(y) + 3*m(y). What is w(-2)?
-8
Let h(l) = 2*l**3 - 3*l**2 - 4*l - 1. Let r be (-20)/(-6) - (-45)/(-135). What is h(r)?
14
Let r(w) = -w - 8. Suppose 6*z = -4 - 38. Determine r(z).
-1
Let s(x) be the first derivative of x**2 - 29*x - 399. What is s(14)?
-1
Let j(n) = -32*n + 63. Let y(q) = 11*q - 21. Let b(l) = 6*j(l) + 17*y(l). Give b(14).
-49
Let v be ((-27)/(-12) - 2)*0 + 2. Let t(b) be the third derivative of -1/24*b**4 + 1/3*b**3 + 0*b + v*b**2 + 0. Calculate t(0).
2
Let r = -4 - 1. Let k(s) be the first derivative of -s**3/3 - 4*s**2 - 4*s + 485. Determine k(r).
11
Let t(n) = 26*n + 826. Let w be t(-32). Let u(d) = -d**2 - 3*d + 6. Give u(w).
-12
Let s(k) = -k**3 - 13*k**2 - 17*k - 8. Suppose 223 + 65 = -24*a. What is s(a)?
52
Let w(h) = -2*h - 3 + 18 - 15. Calculate w(9).
-18
Let q(i) = -i. Suppose -4*f - x = -51, 3*x - 22 = -5*f + 47. Let c = f + -7. Suppose -c*m + 27 - 7 = 0. Give q(m).
-4
Let n(b) = -2*b + 21 + 4 - 2*b. Let m(a) = -6*a + 37. Let z(g) = -5*m(g) + 7*n(g). What is z(7)?
4
Let b(w) = 50*w - 13 - 58*w + 2*w**2 - w**2 - 4*w**2. Let d(o) = 4*o**2 + 9*o + 14. Let g(v) = -5*b(v) - 4*d(v). What is g(7)?
-12
Let d(m) = -10*m + 244 - m**2 + 2*m - 246. Suppose -16 - 14 = 5*v. Calculate d(v).
10
Let b = -25 - -1. Let q(n) = 4*n - 5. Let s(m) = 24 - 47*m + 18*m + 9*m. Let z(r) = b*q(r) - 5*s(r). What is z(2)?
8
Let g(a) = a**3 + 4*a**2 + 3*a - 1. Let p(w) = -7*w + 7*w**3 + 2*w**2 - 21 - 8*w**3 + 8*w**2. Let b be p(9). Give g(b).
-1
Let p(r) = -2*r**2 - 2*r - 1. Let c(h) = -h**2 - h - 1. Let t(g) = 4*c(g) - p(g). Let k(d) be the first derivative of t(d). Calculate k(-3).
10
Let d(c) = -c**3 - 4*c**2 - 4*c - 10. Suppose -10 = 8*f + 22. Give d(f).
6
Let t(r) be the first derivative of -1/2*r**4 - r**3 - 2*r - 1/2*r**2 + 2. Let b be 161/(-70) - 0 - 3/(-10). Determine t(b).
4
Let v(i) be the third derivative of i**6/120 + 7*i**5/60 - i**4/24 + i**3/3 - 74*i**2. What is v(-5)?
57
Suppose 65*a = 82*a + 51. Let x(y) = -y**2 + 4*y + 13. Give x(a).
-8
Suppose -26 = n + 4*m, n + 20 = -3*m - 1. Let g(r) be the third derivative of -r**4/12 - r**3/3 + r**2. Give g(n).
10
Let d(c) = -c**3 - 4*c**2 - 2*c - 4. Let v(n) be the first derivative of n**3/3 - n + 1. Let a be v(-3). Suppose -2*f + 4*k - a = -3*f, -9 = -3*k. Give d(f).
4
Let f(w) = -5*w**2 + 52*w + 26. Let p be f(11). Let z(r) = -6*r - 5. Let b(l) = 17*l + 16. Let k(y) = 4*b(y) + 11*z(y). What is k(p)?
-5
Let p(x) be the third derivative of -x**6/720 - x**5/120 + x**4/12 + x**2. Let g(s) be the second derivative of p(s). Suppose 15*t - 30 = 20*t. Give g(t).
5
Let z = -28 - -47. Let h = z + -19. Let m(q) = q**3 + q + 3. What is m(h)?
3
Let a(o) = 11*o**3 + o**2 - o + 1. Let b = 41 + -36. Suppose -14 = b*y - 19. Give a(y).
12
Let u = 50 + -43. Let r(a) = -5*a - 4. Let m = -12 - -6. Let y(b) = -b + 1. Let z(f) = m*y(f) + r(f). Give z(u).
-3
Suppose -3*r - 4*w + 28 = -6, 5*r - 5*w - 10 = 0. Let t(z) = -2*z + 8. Give t(r).
-4
Let k(z) = z**2 + 7*z - 6. Let v be 1 + 0 + -2 + (3 - 10). Let i be k(v). Let d(j) = 0*j**2 + j**3 + 3 - 2*j - j**2 - 4. Determine d(i).
-1
Let a(x) = -x**2 - 7*x + 2. Let y be a(-7). Let g(q) = -64*q**y + 22*q**2 + 30*q**2. Give g(1).
-12
Let z(x) be the first derivative of x**4/2 + 7*x**3/3 + 5*x**2/2 - 593. Determine z(-3).
-6
Suppose 236 = 44*q + 324. Let f(k) = -k**2 - 6*k - 10. Give f(q).
-2
Let w(f) be the first derivative of -3/2*f**2 + 0*f + 4. Determine w(-1).
3
Suppose 0 = 18*o + o + 228. Let b(y) = y**3 + 13*y**2 + 12*y - 4. Calculate b(o).
-4
Suppose -4*z = 4*y - 20, 4*y - 1 = 3. Let f(m) = 5*m**2 + z*m**2 - 8*m**2. Let c(l) = -l**3 + l**2 + l - 1. Let i be c(1). Calculate f(i).
0
Let g(b) = b**3 + 4*b**2 + b. Let i be ((-9)/(-12))/(1 - (-46)/(-48)). Suppose i = -8*t - 14. Determine g(t).
-4
Let k = 449 + -453. Let t(f) = f**3 + 4*f**2 - 5*f - 4. Calculate t(k).
16
Let p be (-2)/(-8) - 23/(-4). Let m(r) = -9*r**3 - 2*r**2 + 4*r - 1. Let d(k) = -2*k**3 + k**2 - 1. Let c(a) = -5*d(a) + m(a). What is c(p)?
-8
Let l be 2 - (-2 - (0 - 1)). Let s(d) = -d + 3*d**3 + 0*d**3 + 0*d**3 - 7*d**l. Let j be s(-1). Let g(q) = q + 4. What is g(j)?
9
Let f(y) = -1916*y**3 - 1 + 3863*y**3 - 2*y - 1919*y**3 - 3*y**2. What is f(-1)?
-30
Suppose 120 = 14*v - 314. Let m(s) = s**3 - 32*s**2 + 30*s + 26. Give m(v).
-5
Let i be 54/(-3*(-4)/8 - 3). Let h = i - -29. Let b(n) = -n - 10. Calculate b(h).
-3
Let z(a) = a**3 + 8*a**2 - 13*a - 9. Suppose -16*h - 99 = -5*h. Calculate z(h).
27
Let a(j) = -j**2 - j. Suppose 3*r = -4*r - 84. Let g be (-3)/2*r/(-18). Determine a(g).
0
Suppose -42 = -3*z - 4*d, -12*d + 8*d = 5*z - 70. Let y(w) = -3*w + 48. Determine y(z).
6
Let q(i) = -5*i**2 - i. Let h(p) = p - 36. Let l be h(37). Give q(l).
-6
Let i be 5/(-30) + 51/(-18). Let t(o) be the second derivative of -o**5/20 - 5*o**4/12 - 2*o**3/3 - o**2 + o - 12. Determine t(i).
-8
Let a(t) = -2*t + 1. Suppose 0*j - j + 4 = 0. Suppose -j - 6 = -2*m. Suppose -2*c - 3*y = -m*c, 0 = 5*c + 4*y - 45. Calculate a(c).
-9
Let q(p) be the third derivative of p**6/120 + 3*p**5/20 - p**4/12 + 2*p**3/3 - p**2 - 217. Give q(-9).
22
Let w(z) = -6*z + 61 + 70 - z**2 + 2*z**2 + 66 - 191. Determine w(4).
-2
Let v(i) = -i**3 - i**2 - 3*i - 2. Suppose -11*t - 46 = 12*t. What is v(t)?
8
Let r(c) = -2*c + 11. Let w(s) = s**3 - 3*s**2 - 7*s + 14. Let f be w(4). Let b be f - 4/((-4)/7). What is r(b)?
-7
Let o(m) = 9*m - 81*m + m**2 + 59*m + 9. Determine o(12).
-3
Let y be (-2954)/(-420) + (4 - 11). Let j(w) be the third derivative of 0 + 1/60*w**6 + 1/6*w**3 - y*w**5 + 0*w**4 - 8*w**2 + 0*w. What is j(1)?
1
Let c(i) = i**2 + i - 7. Let a = -23 + 23. What is c(a)?
-7
Suppose -11*s + 7*s + 84 = 0. Let i be (-5 + 0)*(0 - s/15). Let b(y) = y**2 - 9*y - 10. Determine b(i).
-24
Let m(i) be the first derivative of 5*i**4/4 + 2*i**3/3 - i + 124. Determine m(1).
6
Let z(m) = m - 1. Let o be z(3). Let u(r) = 2*r + 4*r**2 - 2*r - 3*r**o - 6*r. Suppose -5*f = -25 - 0. Determine u(f).
-5
Let l(z) be the second derivative of 0 + 2/3*z**3 - 1/3*z**4 - 8*z + 1/20*z**5 - 3*z**2. What is l(4)?
10
Let o(f) = 16*f**2 - 7*f + 5. Let a be o(1). Let x(w) = w**3 - 14*w**2 + 7. Give x(a).
7
Let a(c) = c**2 - 4*c + 1. Let d(o) = -o - 2. Let k be d(3). Let h be (-16)/(-40) + 8/5. Let m be 2/(-4) - k/h. Determine a(m).
-3
Let m(s) = 7*s**2 + 4*s - s**3 + 11*s**3 + 5*s - 9*s**3 + 13. Determine m(-6).
-5
Let j = 49 - 29. Suppose 4*i - j = 4. Let l(y) be the first derivative of y**4/4 - 7*y**3/3 + 3*y**2 - 8*y - 2893. What is l(i)?
-8
Let p(z) = 462*z + 4 - 36*z**3 - 150*z + 2*z**2 - 158*z - 3 - 152*z. Give p(-1).
37
Let a(f) = -f**3 - 8*f**2 - f. Suppose -1 = -5*p + 4. Let o be p/(-2) + (-90)/12. What is a(o)?
8
Let n(q) = -4*q + 10. Let f(s) = -5*s + 11. Let z(o) = 5*f(o) - 6*n(o). Suppose -3*a + 9 = -6. What is z(a)?
-10
Let r(x) = -6*x**2 - x**2 - 8*x**2 - 7*x**3 - x + 17*x**2. Give r(1).
-6
Let q(d) = -3*d + 159. Let m be q(47). Let u(z) = z**2 - 15*z - 49. What is u(m)?
5
Suppose 47 - 49 = -2*r. Let b(p) = 4*p**3 - 3*p**2 + 4*p - 2. Calculate b(r).
3
Let h be (-2)/6 - (-2)/24*-80. Let n(u) be the first derivative of u**4/4 + 2*u**3 - 5*u**2/2 + 8*u + 1. Give n(h).
-6
Let t be -5*(-7)/(105/(-6)). Let f(x) be the third derivative of -x**5/20 - x**4/12 - x**2. What is f(t)?
-8
Let h(b) be the first derivative of b**3/3 - 145. Determine h(-3).
9
Let f = -742 - -748. Let d(t) = -t**3 + 3*t**2 + 10*t - 8. Calculate d(f).
-56
Let z(c) = c**2 + 3*c - 4. Let f = 3 + 9. Let x be 38/8 + (-9)/f. Let v be (x/(-12))/((-2)/(-18)). Give z(v).
-4
Let g(v) = 7*v**2 - 11*v**3 + 4*v**3 - 2 + 6*v**3 - 5*v + 0. Give g(6).
4
Let b(f) be the first derivative of f**6/180 - f**5/20 + f**4/6 + 13*f**3/3 + 15. Let g(t) be the third derivative of b(t). Let d be -4*1*(1 - 2). Give g(d).
12
Let y = -54 - -92. Let n = -36 + y.